 j.
2, 43
Let o = 11 - 1. List the prime factors of o.
2, 5
What are the prime factors of (12/8*24)/2?
2, 3
Suppose 0 = 2*q + 48 - 18. What are the prime factors of (-2)/(-1) + -2 - q?
3, 5
Let v(b) = -3*b**2 + 2*b - 1. Let z be v(2). Let r be (z/(-6))/((-3)/(-42)). Let s = r - 7. List the prime factors of s.
2, 7
Let m = -23 + 25. Let a = m - -18. List the prime factors of a.
2, 5
Let w(u) = u**2 + 2*u - 3. Let q be w(2). Suppose 2*p + 2 = 8. Let o = q - p. What are the prime factors of o?
2
Let h = 61 + 45. List the prime factors of h.
2, 53
Let q = 53 - 16. What are the prime factors of q?
37
Let g(p) = -p**3 - 7*p**2 - 9*p - 2. List the prime factors of g(-6).
2
Let f = -12 + 14. Suppose -6 + 0 = -f*c. List the prime factors of c.
3
Suppose m = 4*m - 84. Suppose -3*r + 4*q - 88 = r, -4*r - 3*q = 60. Let x = r + m. What are the prime factors of x?
2, 5
Suppose -6*k - 8 = -7*k. List the prime factors of (-4)/(k/(-78)) - 2.
37
Let b be 3 + -1 - 12/(-1). List the prime factors of (b/(-6))/((-1)/3).
7
Suppose -a = 4*a - 10. Suppose 5*o + 3 = 4*x, -x = a*x - o - 5. Suppose -2*t = x*t - 12. What are the prime factors of t?
3
Suppose 0 = -p - c + 13, 4*p + 0*c + 2*c = 56. List the prime factors of p.
3, 5
Suppose 2*l - 138 = -4*s, -4*s + 168 = s + l. Let u = -23 + s. Let h(y) = y**3 - 11*y**2 + 11*y - 6. List the prime factors of h(u).
2
Suppose 0*p = 3*m + 2*p - 22, 3*m = -4*p + 20. What are the prime factors of m?
2
Let j(g) = -g - 1. Let w be j(-5). Let q(d) = -2 + 0 - w + 1 + d. List the prime factors of q(9).
2
Let l(h) = 3 - 1 - 1 + h. Let a be l(-1). Suppose a*q + 26 = 3*q - 4*x, -5*q - 5 = 3*x. List the prime factors of q.
2
Suppose 2*o = 4*o - 54. What are the prime factors of o?
3
Let p(y) = 14*y**2 - 5*y + 3. List the prime factors of p(3).
2, 3, 19
What are the prime factors of (1 - 24)/(2/(-4))?
2, 23
Let h(y) = 28*y**3 + 2*y**2 - 2*y + 1. What are the prime factors of h(1)?
29
Suppose 0 = 5*v - 30 - 0. Let l be (2 - v/4)*82. Suppose -5*q = -4*o - 81, 3*o + 23 = 4*q - l. List the prime factors of q.
13
Let h(i) be the first derivative of -4 + 2*i + 4*i**2 - 1/3*i**3. List the prime factors of h(6).
2, 7
Let u = -23 - -15. Let k(j) = j**2 + 5*j + 3. List the prime factors of k(u).
3
Suppose 0 = -9*v + 6*v + 876. List the prime factors of v.
2, 73
Let m(b) = -3*b**2 + 9*b. Let f(r) = 7*r**2 - 18*r - 1. Let t(i) = -4*f(i) - 9*m(i). What are the prime factors of t(-7)?
2, 3
Let i = -228 - -333. What are the prime factors of i?
3, 5, 7
Suppose 3*y + 3*m = 3, -3*m - 27 = 3*y - 6*m. List the prime factors of (-705)/(-25) - y/(-20).
2, 7
Let x(k) = 6*k + 13. List the prime factors of x(6).
7
Suppose 10 = -2*q, -q + 31 + 144 = 5*j. List the prime factors of j.
2, 3
What are the prime factors of 4/10*(112 - 2)?
2, 11
Let g be (-42)/5 + (-10)/(-25). Let y = g - -18. List the prime factors of y.
2, 5
Let u = 11 - 6. Suppose -21 + 6 = -u*n. List the prime factors of n - (-4)/(-6)*-3.
5
Let z(q) = 136*q**2 - q - 1. What are the prime factors of z(-1)?
2, 17
Suppose 0*t - 3*t - 6 = 0. Let x = t + 16. What are the prime factors of x?
2, 7
Suppose -5*m = -2*v + 30, v = 2*m + m + 17. Let h be (0 + 0)*(-2)/m. Let i = 2 - h. List the prime factors of i.
2
Let m(o) = -3*o**3 - o**2 + o + 1. Let d be m(-1). Suppose d*z = -5*v + 14, 0*z = -z + 2*v - 2. List the prime factors of z.
2
Let o(f) = 1 + 0 - 2 + 2*f. What are the prime factors of o(7)?
13
Let w(x) = 74*x**2 - 3*x + 1. List the prime factors of w(1).
2, 3
List the prime factors of 4/6 - 2022/(-18).
113
Let o be (-69)/(4/(24/(-9))). Suppose -35 - o = 3*k. Let t = k + 44. List the prime factors of t.
17
Let h be (-2)/(-2) - (1 + 0). Suppose h = r - 2*r + 8. Suppose 0 = 2*i + 2*f + f - 12, -r = -2*i - f. What are the prime factors of i?
3
Let s be (28/(-49))/((-1)/7). Suppose s*u = -7 + 39. What are the prime factors of u?
2
Let z = 53 + -35. Let o = z + 14. What are the prime factors of o?
2
Let w be 9/(-27) - 4/(-3). List the prime factors of 0 + w + (12 - 6).
7
Suppose -5 + 28 = z. List the prime factors of z.
23
Suppose -2*z + 527 = k, -z + 5*z - k - 1057 = 0. What are the prime factors of z?
2, 3, 11
Suppose 9*f + 301 - 1048 = 0. What are the prime factors of f?
83
Suppose -4*d + 0 = -16. Suppose 0 = g + d*g - 65. What are the prime factors of g?
13
Suppose -2*j - 20 = -j + 3*a, -5*j - 40 = 3*a. List the prime factors of (-22)/j - (-2)/(-5).
2
Let s(c) = c + 14. Let d be s(0). What are the prime factors of 4/d - (-356)/28?
13
Let p(z) = -z + 6. Let a be p(8). List the prime factors of a/4 + 52/8.
2, 3
Let l = -14 + 36. List the prime factors of l.
2, 11
Let q = 41 + -44. Let j(p) be the second derivative of -p**3/6 + 2*p**2 - p. What are the prime factors of j(q)?
7
Let s(y) = -y**3 + y + 24. What are the prime factors of s(0)?
2, 3
Suppose 3*v - v + 5*o - 38 = 0, -3*v - 5*o + 52 = 0. Suppose f + 2*f = 0. Let a = f + v. What are the prime factors of a?
2, 7
Let x be 4 + 3 - (-2 - 0). Suppose -b + 4*b = x. List the prime factors of b.
3
Let y = -5 - 0. Let u = y - -8. What are the prime factors of u?
3
Suppose -15 = -3*p - 2*p. Suppose h - 3 = p*c - 0*h, -4*h + 12 = -5*c. Suppose c*o + 3 = o. List the prime factors of o.
3
Let j(y) = y**3 - 10*y**2 - 2*y - 15. Let z be j(11). Suppose z = 3*c + c. What are the prime factors of c?
3, 7
Suppose 5*p - 10 = -2*b + 3*b, -4*p - b = -17. Let i be (1 + -2)*(p - 5). Suppose -3 = -i*j + j. List the prime factors of j.
3
What are the prime factors of (-2 + 19)/(1 - 0)?
17
Let r(p) = -p - 8. Let g be r(-9). What are the prime factors of 1/(g*(-4)/(-172))?
43
Suppose -8 = 4*h, 0 = z - 2*h - 6 - 0. Suppose 0 = f + z*p - 8, 4*p - 8 = 4*f - 64. List the prime factors of f.
2, 3
Suppose -5*l - 5*p - 46 = 74, -5*l = -2*p + 113. Let n = l - -40. What are the prime factors of n?
17
Suppose -5*d = 4*r - 28, 5*d + 3*r + 13 = 44. Let o = 6 + d. What are the prime factors of o?
2, 7
Let p = -92 - -191. List the prime factors of p.
3, 11
Let c = 1098 + -781. What are the prime factors of c?
317
Let v(b) = b**2 - 3*b + 95. What are the prime factors of v(0)?
5, 19
Let n(k) = -k**2 + 6*k - 1. Let o(h) = h - 4. Let c be o(9). Let y be n(c). Suppose -6 - y = -5*l. What are the prime factors of l?
2
Let u be (21/(-7))/(0 - 3). Suppose 10 + u = c. What are the prime factors of c?
11
Suppose 8*o = 3*o. Suppose o*x - 3*x = -129. Suppose 0 = 3*q - 20 - x. What are the prime factors of q?
3, 7
Let c(d) = -d**3 + 2*d**2 + 9*d + 9. Let g(v) = v**3 - v**2 - 4*v - 4. Let h(l) = -4*c(l) - 9*g(l). What are the prime factors of h(-1)?
2, 3
Let i = 10 + 13. Suppose 3*x + 33 = 4*x + 4*w, 0 = -x - 2*w + i. List the prime factors of x.
13
Let q = -8 - -11. What are the prime factors of q?
3
Let g be (-7)/(-35) + (-2)/10. Suppose g = 2*h - 5*p - 3, -p = -3*h + 30 + 7. List the prime factors of h.
2, 7
Suppose 4*f = -f + 10. Suppose 0*y = -f*y - 5*d + 36, -54 = -3*y + 3*d. List the prime factors of y.
2, 3
Let r be (18/(-3))/(-2) - 5. List the prime factors of 220/14 - r/7.
2
Let u(y) = y**3 - 3*y**2 - 8*y + 4. Let h be u(5). Let m = h - 10. What are the prime factors of m?
2
Let w = -9 - -14. Suppose 2*s + a + a - 42 = 0, -87 = -w*s + a. List the prime factors of s.
2, 3
Let u = -11 - -10. Let j = u + 9. List the prime factors of j.
2
Let i = 9 + -9. Suppose 3*v = 6 - i. What are the prime factors of v?
2
Let n be (-5)/(-10) - 134/(-4). Suppose -3*g = -g - n. Suppose g = -3*d + 4*d. List the prime factors of d.
17
Let l be ((-1)/2)/((-1)/6). Suppose 0 = 5*r + 2*f - f, r = l*f. Suppose 8 = y - r*y. What are the prime factors of y?
2
Let i = 710 + -385. What are the prime factors of i?
5, 13
Suppose 0 = -2*d - 0*g - 2*g + 140, 0 = -g. List the prime factors of d.
2, 5, 7
Suppose 22 = 5*k - 23. Let r = k + -6. What are the prime factors of r?
3
Suppose 2*s = 10, -5*n - 5*s + 4*s = -15. Suppose m = -n*f + 60, 2*m - 5*f - 108 = -6*f. What are the prime factors of m?
2, 13
Let u(b) = b**3 - b**2 - 3*b + 2. Let s be u(2). Suppose 5*p + 0*p + 105 = s. Let x = -14 - p. List the prime factors of x.
7
Suppose d - 17 - 19 = 0. Suppose -d = m - 2*m. List the prime factors of m.
2, 3
Suppose 20 = -4*a - 32. Let w = a - -22. List the prime factors of w.
3
Let g = 3 + -1. Let d(s) = s**2 + 5*s - 6. Let v 